{"id":281,"date":"2020-12-19T11:27:05","date_gmt":"2020-12-19T10:27:05","guid":{"rendered":"http:\/\/thibautfantin.fr\/evk-wp\/?page_id=281"},"modified":"2021-02-25T15:13:35","modified_gmt":"2021-02-25T14:13:35","slug":"ambition","status":"publish","type":"page","link":"https:\/\/thibautfantin.fr\/evk-wp\/a-propos\/ambition\/","title":{"rendered":"Ambition"},"content":{"rendered":"\n<div class=\"jumboSection \" style=\"background-image: url('https:\/\/thibautfantin.fr\/evk-wp\/wp-content\/uploads\/2021\/01\/bgJumboAbout.png');\" id=\"\">\n        <div class=\"container\">\n        <div class=\"jumboContent row\">\n            <div>\n                <h1 class=\"size-1 col-12\">Rendre les processus des industries textiles plus s\u00fbrs et plus \u00e9cologiques.<\/h1>\n                            <\/div>\n        <\/div>\n    <\/div>\n<\/div>\n<div class=\"jumboFlag\" id=\"\"  style=\"background-image: url('https:\/\/thibautfantin.fr\/evk-wp\/wp-content\/themes\/euveka\/assets\/images\/flag.png');\" >\n    <br\/>\n<\/div>\n\n\n\n<div class=\"containerBigSection \" id=\"\">\n    <div class=\"container bigSection \">\n        <div class=\"row revealer\">\n                            <p class=\"surtitle size-4 col-12\">Notre ambition premi\u00e8re :<\/p>\n                        <h1 class=\"size-1 col-12\">Lutter activement contre les milliards d&rsquo;articles invendus et retourn\u00e9s chaque ann\u00e9e avec des solutions technologiques performantes, de la conception, \u00e0 la production jusqu&rsquo;au retail. <\/h1>\n                                <\/div>\n    <\/div>\n<\/div>  \n\n<div class=\"section\">\n    <div class=\"section-modale\">\n        \n        <div class=\"container\">\n            <div class=\"sectionContent d-md-flex row\">\n                <div class=\"mediaContainer col-lg-6 col-md-12 col-sm-12 revealer\">\n                <img src=\"https:\/\/thibautfantin.fr\/evk-wp\/wp-content\/uploads\/2021\/02\/image-site-17.png\" alt=\"\" class=\"img-responsive\">\n                <\/div>  \n                <div class=\"content col-lg-5 col-md-12 col-sm-12  \">\n                                    <h3 class=\"size-3\">Accompagner les industries textiles dans leurs strat\u00e9gies de transition num\u00e9rique, \u00e9cologique et inclusive.<\/h3>\n                                                <!--                 <img class=\"prizes\" src=\"assets\/images\/logo-ces@2x.png\" alt=\"\">\n                        <img class=\"prizes\" src=\"assets\/images\/logo-lcr-frwrd@2x.png\" alt=\"\"> -->\n                                                        <\/div>\n            <\/div>\n        <\/div>\n    <\/div>\n<\/div>\n\n<div class=\"section\">\n    <div class=\"section-modale\">\n        \n        <div class=\"container\">\n            <div class=\"sectionContent d-md-flex row\">\n                <div class=\"mediaContainer col-lg-6 col-md-12 col-sm-12 revealer\">\n                <img src=\"https:\/\/thibautfantin.fr\/evk-wp\/wp-content\/uploads\/2021\/02\/image-site-16.png\" alt=\"\" class=\"img-responsive\">\n                <\/div>  \n                <div class=\"content col-lg-5 col-md-12 col-sm-12  \">\n                                    <h3 class=\"size-3\">Programmer des solutions robotiques et logicielles personnalisables \u00e0 chaque corps de m\u00e9tier selon ses sp\u00e9cificit\u00e9s.<\/h3>\n                                                <!--                 <img class=\"prizes\" src=\"assets\/images\/logo-ces@2x.png\" alt=\"\">\n                        <img class=\"prizes\" src=\"assets\/images\/logo-lcr-frwrd@2x.png\" alt=\"\"> -->\n                                                        <\/div>\n            <\/div>\n        <\/div>\n    <\/div>\n<\/div>\n\n<div class=\"section\">\n    <div class=\"section-modale\">\n        \n        <div class=\"container\">\n            <div class=\"sectionContent d-md-flex row\">\n                <div class=\"mediaContainer col-lg-6 col-md-12 col-sm-12 revealer\">\n                <img src=\"https:\/\/thibautfantin.fr\/evk-wp\/wp-content\/uploads\/2021\/02\/image-site-20-1.png\" alt=\"\" class=\"img-responsive\">\n                <\/div>  \n                <div class=\"content col-lg-5 col-md-12 col-sm-12  \">\n                                    <h3 class=\"size-3\">Produire un \u00e9quipement fiable et durable, fabriqu\u00e9 en France.<\/h3>\n                                                <!--                 <img class=\"prizes\" src=\"assets\/images\/logo-ces@2x.png\" alt=\"\">\n                        <img class=\"prizes\" src=\"assets\/images\/logo-lcr-frwrd@2x.png\" alt=\"\"> -->\n                                                        <\/div>\n            <\/div>\n        <\/div>\n    <\/div>\n<\/div>\n\n\n<div class=\"container\">\n    <div class=\"cardBigContainer revealer\">\n        <div class=\"contentCardBig\">\n                    <p class=\"surtitle size-4\">Nos valeurs<\/p>\n                    <h2 class=\"size-2\">Environnement &#8211;  Industrie &amp; Technologie &#8211; Formation des Nouvelles G\u00e9n\u00e9rations &#8211; Production Locale <\/h2>\n            <a href=\"\/evk-wp\/a-propos\/valeurs\" class=\"button button--small\">Conna\u00eetre nos valeurs<\/a>\n        <\/div>\n    <\/div>\n<\/div>\n\n\n<div class=\"container\">\n    <div class=\"cardBigContainer revealer\">\n        <div class=\"contentCardBig\">\n                    <p class=\"surtitle size-4\">Notre histoire<\/p>\n                    <h2 class=\"size-2\">Euveka : De l&#039;id\u00e9e \u00e0 la r\u00e9alisation<\/h2>\n            <a href=\"\/evk-wp\/a-propos\/histoire\" class=\"button button--small\">D\u00e9couvrez notre histoire<\/a>\n        <\/div>\n    <\/div>\n<\/div>","protected":false},"excerpt":{"rendered":"","protected":false},"author":1,"featured_media":0,"parent":9,"menu_order":0,"comment_status":"closed","ping_status":"closed","template":"","meta":[],"_links":{"self":[{"href":"https:\/\/thibautfantin.fr\/evk-wp\/wp-json\/wp\/v2\/pages\/281"}],"collection":[{"href":"https:\/\/thibautfantin.fr\/evk-wp\/wp-json\/wp\/v2\/pages"}],"about":[{"href":"https:\/\/thibautfantin.fr\/evk-wp\/wp-json\/wp\/v2\/types\/page"}],"author":[{"embeddable":true,"href":"https:\/\/thibautfantin.fr\/evk-wp\/wp-json\/wp\/v2\/users\/1"}],"replies":[{"embeddable":true,"href":"https:\/\/thibautfantin.fr\/evk-wp\/wp-json\/wp\/v2\/comments?post=281"}],"version-history":[{"count":41,"href":"https:\/\/thibautfantin.fr\/evk-wp\/wp-json\/wp\/v2\/pages\/281\/revisions"}],"predecessor-version":[{"id":1167,"href":"https:\/\/thibautfantin.fr\/evk-wp\/wp-json\/wp\/v2\/pages\/281\/revisions\/1167"}],"up":[{"embeddable":true,"href":"https:\/\/thibautfantin.fr\/evk-wp\/wp-json\/wp\/v2\/pages\/9"}],"wp:attachment":[{"href":"https:\/\/thibautfantin.fr\/evk-wp\/wp-json\/wp\/v2\/media?parent=281"}],"curies":[{"name":"wp","href":"https:\/\/api.w.org\/{rel}","templated":true}]}}